) is divided by l(w)?
5
Suppose -57*h + 87*h - 450 = 0. What is the remainder when 462 is divided by h?
12
Calculate the remainder when 1069 - (-13)/(78/42) is divided by 108.
104
Let v = -92 + 182. Suppose 0 = -v*b + 79*b + 1969. Calculate the remainder when b is divided by 18.
17
Let k(p) = -2*p**3 - 31*p**2 + 15*p + 3. What is the remainder when 239 is divided by k(-16)?
11
Suppose -367*u + 365*u - 14 = 0, -d - u + 79 = 0. Calculate the remainder when 1056 is divided by d.
24
Suppose -5143*c - 240 = -5159*c. What is the remainder when 1378 is divided by c?
13
Let v = 41586 + -28817. What is the remainder when v is divided by 31?
28
Calculate the remainder when 22353 is divided by (-1)/(-6) + 0 - -5*40953/990.
204
Let k be (-110)/(-9) - (-6)/(-27). Let p be -1*(2 + 1 - 28/7). Let f = k + p. Calculate the remainder when 30 is divided by f.
4
Suppose -b = -4*j + 841, -3*j + 17*b - 12*b = -652. What is the remainder when 642 is divided by j?
15
Let z be 9 - 13 - (0 + 34). Let q = 41 + z. Suppose -q*o + 162 = 3*o. What is the remainder when o is divided by 10?
7
Let n(r) = -r**2 + 15*r - 35. Let l(q) = 18*q + 4. What is the remainder when l(5) is divided by n(9)?
18
Suppose 76*m - 34 = 59*m. Suppose 2*a - 4*a + 2*t = -6, -4*t = -a - 3. What is the remainder when a is divided by m?
1
Suppose -3*x - 18 = 2*g - 60, 18 = -3*x. Calculate the remainder when 11758 is divided by g.
28
Suppose 4*n - 51 = 5*c - 6*c, 2*c + 3*n - 107 = 0. What is the remainder when ((-187)/(-33))/((-2)/(-36)) is divided by c?
47
Let l = -266 - -316. What is the remainder when 298 is divided by l?
48
Suppose -v = -5*k - 51 + 11, v + k - 46 = 0. Let c = 8 + 5. Calculate the remainder when v is divided by c.
6
Suppose -16*l - 18*l - 35 = -39*l. What is the remainder when 23 is divided by l?
2
Let y(c) = 4*c**2 + 15*c + 67. Let k be y(-10). Suppose -k = -57*i + 56*i - m, -5*m - 305 = -i. What is the remainder when i is divided by 53?
50
Suppose 4*j - 3 - 17 = -3*q, -8 = -4*j. Suppose -3*p - 470 = -2*n, 1175 = 5*n - p - q*p. What is the remainder when n is divided by 48?
43
Suppose 27417 = -5*v + 31*v + 31*v. Calculate the remainder when v is divided by 112.
33
Suppose -4*d = -16, 1700*w - 1704*w + 2*d + 196 = 0. What is the remainder when w is divided by 17?
0
Let u = -16788 - -18712. What is the remainder when u is divided by 63?
34
Let m = 15357 + -15239. Calculate the remainder when 3185 is divided by m.
117
Let t = -2411 - -2552. Calculate the remainder when t is divided by 280/21 + 2/3.
1
Let u be (-2 + 35/5)*9. Suppose -3*b - 60 = 3*d, b + 2*b = -2*d - u. Calculate the remainder when d/(-10)*16 - -1 is divided by 7.
4
Let g(l) = 4*l**2 - 90*l + 18. Let n = -53 - -89. What is the remainder when g(23) is divided by n?
28
Let d(g) = g**2 + 16*g - 23. Suppose -u - 5*w - 25 = 0, -u = -3*u - w - 32. Let p = -34 - u. What is the remainder when 98 is divided by d(p)?
30
Let l(p) = p**3 + 8*p**2 + 11*p + 9. Let w(z) = z**3 + 17*z**2 - 4. Let i be w(-17). Suppose 3*c = -3*c + 90. Calculate the remainder when l(i) is divided by c.
14
Calculate the remainder when 363/33 + 2/4*-8 - -4369 is divided by 12.
8
What is the remainder when (-15)/(-120)*-2*-2156 is divided by 114?
83
Let o(r) = -r**3 + 6*r**2 - 12*r + 13. Let n be o(3). What is the remainder when 109 is divided by (-3 - -47)/n - (-7 + 4)?
11
Suppose 15*m - 3*m = 1308. Let d = 305 - m. What is the remainder when d is divided by 11?
9
Let x = -9205 - -9224. What is the remainder when 109 is divided by x?
14
Suppose w = -l + 51, -l + 0*l = 5*w - 251. Let g(n) = -8*n**2 + 9*n + 15. Let c be g(-3). Let a = -66 - c. What is the remainder when w is divided by a?
14
Let s = 22575 - 22413. Calculate the remainder when 1153 is divided by s.
19
Let d be -6*(3 + 60/(-18)). Calculate the remainder when 62 is divided by (-3)/5 - d/((-60)/978).
30
Let j = 99174 - 98860. Let y(c) = 15*c - 3. Calculate the remainder when j is divided by y(2).
17
Suppose -s = -6*s, 0 = -4*j - 2*s + 44. Let f(x) be the first derivative of 3*x**2 - 17*x - 85. What is the remainder when f(j) is divided by 13?
10
Let t(f) = -f**2 - f + 34. Suppose -4*r + 251*u + 33 = 248*u, -5*u + 1 = -2*r. What is the remainder when t(0) is divided by r?
10
Let p(j) = -2*j**2 + 225*j - 527. What is the remainder when p(110) is divided by 10?
3
Suppose 11*h + 206 = -564. Let w = -82 - h. Calculate the remainder when -1*(-4)/w*-132 is divided by 15.
14
Let h = -228 + 262. Let f(t) = -t**3 + 15*t**2 - 27*t + 23. What is the remainder when h is divided by f(13)?
4
Let h(b) = -6*b + 6. Let f be h(1). What is the remainder when f/1 - 1*-34 is divided by 6?
4
Let i = 5991 - 5927. What is the remainder when 636 is divided by i?
60
Let r = -11900 - -11962. What is the remainder when 181 is divided by r?
57
Calculate the remainder when (6/(-15))/(3159/3165 + -1) is divided by 130.
81
Suppose 0 = 2*m - 6, 5*m = -4*i + 9 + 14. Suppose i*c - 16 = -0*g - g, 5*g = -3*c + 108. What is the remainder when 4/(-22) - (-3 + (-1359)/33) is divided by g?
20
Let x(b) = b**2 + 4*b - 3. Let a be x(-5). Calculate the remainder when 35 is divided by 11 + (2 - a)*(-10)/(-10).
2
Suppose -75*d - 36312 = -50*d - 49*d. What is the remainder when d is divided by 46?
41
Let j = 91 - 89. Suppose 0 = 3*r + j*r - 110. Suppose 82 = 4*p - 4*u + r, 3*u = -15. What is the remainder when 19 is divided by p?
9
Suppose -7*m + 12*m + 3*y = 87, -57 = -3*m - 3*y. Suppose 10*j - 13*j - 246 = 0. Let o = j + 169. What is the remainder when o is divided by m?
12
Let p(z) = -8*z**3 - 4*z**2 - 9*z + 29. What is the remainder when p(-5) is divided by 485?
4
Let a(x) = 7*x**2 - 3*x - 4. Let v be a(-2). Suppose 3*o + b = -12 + 34, 0 = 5*o + 5*b - v. Let z = 1 + 8. What is the remainder when z is divided by o?
1
What is the remainder when (-3)/(36819/(-27594)*3 - -4) is divided by 338?
8
Let w(p) = p**3 - 8*p**2 - 7. Suppose 3*t - d - 13 = 0, 21 = 5*t - 4*d + 2*d. What is the remainder when w(9) is divided by t?
4
Let u(k) = k**3 + 9*k**2 - 12*k - 20. Let d be u(-9). Suppose -r = 4*y - d, -6*y = -y + r - 109. What is the remainder when 249 is divided by y?
18
Let n = 27356 - 27307. Suppose -v - l = -0*l - 7, 5*v - l - 35 = 0. What is the remainder when n is divided by v?
0
Suppose -r + 3 + 0 = 0. Let c = r + 9. Calculate the remainder when (-6 - -18) + c/3 is divided by 6.
4
Suppose 0 = -71*g + 72*g + i - 21, 6 = 2*i. What is the remainder when 16520 is divided by g?
14
Let g = -26 - -69. Suppose -21*n = -146 - g. What is the remainder when 449 is divided by n?
8
Let p(m) = -m**3 - 5*m**2 + 22*m + 59. Let s be p(-7). Let i(u) = 7*u**3 - 2*u**2 - 5*u - 1. What is the remainder when i(s) is divided by 33?
23
Suppose 0 = -2*s + x + 997 + 161, -3*s - 2*x = -1730. Calculate the remainder when s is divided by 83.
80
Suppose 0*q + 2*r = 5*q - 15, 4*r = 0. Suppose 0 = -q*g - 8 - 1, -5*g = m + 9. Calculate the remainder when (20 - (0 - -1))*1 is divided by m.
1
Let v = 35 - 33. Suppose -5*n + 53 = u, u = 3*n - v*n + 41. What is the remainder when u is divided by 5?
3
Let h(u) = 62*u - 597. Calculate the remainder when ((-20)/6)/(4/(-186)) is divided by h(10).
17
Suppose -1272 = -3*v + 3*n, -48*n + 43*n + 394 = v. What is the remainder when 1404 is divided by v?
147
Let w(u) = -281*u - 1927. Calculate the remainder when 74 is divided by w(-7).
34
Suppose 36 - 46 = -2*t. Suppose -4*i = -5*x + 199, -38*x + 37*x = -t*i - 44. What is the remainder when 127 is divided by x?
10
What is the remainder when 5834/6 - (1/3 - (63 - 61)) is divided by 36?
2
Let q(y) = -y - 3. Let l be (-159)/33 + 6/(-33). Let o = 10 - 6. What is the remainder when o is divided by q(l)?
0
Let q be -216 + 3*(-5)/15. Let v = q + 227. What is the remainder when 55 is divided by v?
5
Let b = -76 - -117. Calculate the remainder when b is divided by 24/(-56) - (48/(-14) - 3).
5
Let g be (0 - -1)*(-4 - -122). Suppose -8*l = -g - 106. Suppose p - l = -1. What is the remainder when p is divided by 7?
6
Suppose 66*i - 14787 = -93*i. What is the remainder when i is divided by 42?
9
Suppose 13*r - 8*r - 15 = 0, -96 = -4*b - 4*r. Let n(d) = 2*d**2 - 39*d - 20. Calculate the remainder when 135 is divided by n(b).
6
Suppose 31784 = 23*s - 199*s + 94968. Calculate the remainder when s i